t g(x) = -x**2 + 6*x - 3. Let d be g(6). What is the units digit of c(d)?
9
Let u(y) = y**3 + 9*y**2 - y - 5. Let g be u(-9). Suppose 0 = g*t + 4*p - 12, -p = -3*p + 10. What is the units digit of 93/t*(-28)/42?
1
Let g(b) = b + 98. Let q be g(0). Suppose -4*d = -q + 18. Let z = d + 10. What is the tens digit of z?
3
What is the hundreds digit of (96/(-112))/(4/(-3864))?
8
Suppose 0*q - 100 = 5*q. Let d(o) = -o**2 - 26*o - 6. What is the units digit of d(q)?
4
Suppose 5*b = 22 - 12. Let o be ((-187)/22)/(b/(-76)). Suppose -4*v - q = -198, 69 = -5*v + 2*q + o. What is the tens digit of v?
5
Let w = -777 + 1371. What is the units digit of w?
4
Let m(u) = 0 - 14*u - 3 + 13*u. Let g be m(-6). What is the tens digit of 33 - (3/1 - g)?
3
Let l = -20 + 16. Let u = l - -69. Suppose -q - 4*q + u = 0. What is the units digit of q?
3
Let i = 42 + -31. Let g be i/(3/(-6)*2). Let y(l) = l**3 + 13*l**2 + 17*l + 6. What is the units digit of y(g)?
1
Let v(l) = -l - 9. Let k be v(-18). Suppose 0 = w + k - 347. What is the units digit of w?
8
Suppose -4*a + 300 = 4*n, 44 + 22 = a - 2*n. What is the units digit of a?
2
Let q = 30 - 42. Let c be ((-8)/(-6))/(6/(-9)) + -29. Let k = q - c. What is the tens digit of k?
1
Suppose -5*n = -836 - 249. Let p = n + -116. What is the hundreds digit of p?
1
Suppose 2*t = -3*l + 1805, 591 = -3*t - 5*l + 3299. What is the hundreds digit of t?
9
What is the units digit of ((-1793 - -9)/(-2))/(0 - -1)?
2
Let g(m) = 2*m**2 + 6*m - 5. Let t be g(-5). Let y(x) = -x**2 + 18*x - 15. What is the units digit of y(t)?
0
Suppose 31 = -4*r + 5*r. Let q = r + -27. Suppose -q*k + 14 = -26. What is the units digit of k?
0
Let z = -88 - -45. What is the units digit of ((-936)/(-32))/(-13)*(z - 1)?
9
Suppose 4*j - 6 = j. Let x(r) = j*r**2 - 7 - r + 2*r + r + 9. What is the tens digit of x(-3)?
1
Suppose 5*i + 2*h - 252 = -0*i, -4*h = -4. Let m = 121 - i. What is the units digit of m?
1
Suppose -2*b = -38*p + 43*p - 4758, 5*b = -3*p + 11876. What is the tens digit of b?
7
Let q = -2926 + 5793. What is the hundreds digit of q?
8
Let z = -4532 - -8667. What is the thousands digit of z?
4
What is the tens digit of 76/25*(-145)/58*-115?
7
Let o = -311 + 857. What is the hundreds digit of o?
5
Suppose -2 = -2*b - 0. Let q(z) = 160*z - 3. What is the tens digit of q(b)?
5
Let o = 3242 + -1151. What is the thousands digit of o?
2
Let f(i) = -2*i**2 + 7*i - 7. Let y be f(6). Let x = 15 + y. Let p = 37 + x. What is the units digit of p?
5
Let a(m) = 350*m**3 - m**2 - 3*m + 4. What is the tens digit of a(1)?
5
Let w be (-564)/(-5 - (-14)/4). Let k = w - 166. What is the hundreds digit of k?
2
Let d = -748 + 397. Let c = -209 - d. What is the tens digit of c?
4
What is the thousands digit of (3*28 - -4)/((-2)/(-104))?
4
Let u(t) = -124*t + 711. What is the hundreds digit of u(-20)?
1
Suppose 0 = 4*j - 7*j - 5*k + 1634, 1618 = 3*j + k. What is the units digit of j?
8
Suppose 0*z + 3 = 4*z + 5*g, 5*z + 27 = 4*g. Let l be (-18)/27 - (-136)/z. Let d = l + 77. What is the tens digit of d?
3
Suppose 0*v = -2*v - 180. Let n = -45 - v. What is the tens digit of n?
4
Let b = -2338 - -3650. What is the units digit of b?
2
Let l = -53 - -60. Suppose 3*c = l*c - 512. What is the units digit of c?
8
Let p(h) = -h**3 + 4*h**2 + 12*h + 5. Let t be p(5). What is the units digit of (t/(-60))/((-2)/87)?
9
Let f(p) = -p**3 - p**2 + 2*p - 185. Let w be f(0). Let h = 361 + w. What is the tens digit of h?
7
Suppose -406 = 5*c - 1911. What is the hundreds digit of c?
3
Suppose -21 + 11 = -2*u. Suppose -4*q = -3*p + 64 + 248, 5*p - u*q - 520 = 0. What is the tens digit of p?
0
Let p(d) = -d - 6. Let b be p(-4). What is the units digit of (6 - -447)*(-1)/6*b?
1
Let f(c) = -c + 8. Let x be 12/5*(-50)/(-20). Let p be f(x). Suppose -p*s - g = 2*s - 151, -4*s = -g - 161. What is the units digit of s?
9
What is the units digit of (-15)/(-6)*(-8620)/(-50)?
1
Suppose -5*n - v = -14336, 5*v + 5729 = 25*n - 23*n. What is the hundreds digit of n?
8
Suppose -522 - 870 = -4*h. Let b be h/(-18) + (-1)/(-3). Let l = b - -31. What is the units digit of l?
2
Let l(o) = -o**3 - 11*o**2 - o - 7. Let v be l(-11). Suppose v*u - 28 - 92 = 0. What is the units digit of u?
0
Let t = -91 - -95. What is the units digit of ((-79)/t + -1)*136/(-17)?
6
Let x be -2 + (-2)/4*(-6 - -44). Let z = x + 66. What is the units digit of z?
5
Suppose 0 = 9*k - 11*k - 40. Let p = -16 - k. What is the units digit of p?
4
Suppose -u + 0*m - 44 = -2*m, -4*u + 3*m = 176. Let v = 78 + u. What is the tens digit of v?
3
Let h be ((-30)/10)/((-6)/10). Suppose -h*d - 2*y = -3*d, 0 = d + 4*y. Suppose -4*v = -4*w + 84, 5*w - 3*v + v - 93 = d. What is the tens digit of w?
1
What is the tens digit of 253/((-3)/((-3)/1))?
5
Suppose -u = 5*f - 24, 6*f - 5*f = 4*u - 75. Let y(b) = b**2 + 3*b - 6. Let x be y(-5). Suppose -x*m = -49 - u. What is the units digit of m?
7
Let x(o) = -2*o**3 - 12*o**2 - 3. Let z be x(-6). What is the units digit of -1 - (-228)/((-12)/z)?
6
Let r(d) = -d**2 + 2*d + 4110. What is the units digit of r(0)?
0
Let f be 2/3 + 781/(-33). Let j = f - -51. What is the tens digit of (j/(-1))/(-3 + 2)?
2
Let f be 2/(4 + (-4)/2). Let r be (-6 - -7)*(f + 1). Suppose -2*t - r = -3*t. What is the units digit of t?
2
Let o(c) be the third derivative of c**6/60 + 13*c**5/30 - c**4/6 - 11*c**3/6 + c**2 - 15*c. What is the tens digit of o(-12)?
2
Suppose -3*n = -7 - 8. Suppose 3*f = -n*f + 544. Let i = -16 + f. What is the tens digit of i?
5
Let f = -2364 + 5100. What is the thousands digit of f?
2
Let s(m) = m**2 - 5*m - 4. Let g be s(6). Suppose 3*y + g*z - 133 = -2*z, -219 = -4*y + 3*z. What is the tens digit of y?
5
Suppose -4*v - 4*c + 33 - 1 = 0, v = -2*c + 13. Suppose -5*l + 84 = v*k - 288, -3*k - 4*l + 372 = 0. What is the hundreds digit of k?
1
Let k(l) = -11*l + 26. Let c be k(5). Let g = c - -89. What is the units digit of g?
0
Suppose -4*g - 552 = -3*c, -2*g - g - c = 414. Let p = -68 - g. What is the tens digit of p?
7
Suppose 49*n - 1467 = 46*n. What is the tens digit of n?
8
Let m = 779 + 1014. What is the tens digit of m?
9
What is the units digit of ((-40)/6)/((-2)/(-36))*-13?
0
Let r(z) = 3*z - 10. Let f be r(6). Suppose -f*c = -10*c + 378. What is the hundreds digit of c?
1
Let h(p) = -3*p + 59. Let d be h(18). Suppose 4*j = -d*m + 668, j + 96 = 2*m - 179. What is the hundreds digit of m?
1
Let q = -108 - -112. Suppose 0 = -2*p - q*p + 1398. What is the tens digit of p?
3
Let y(t) = t**3 - 15*t**2 - 39*t + 8. What is the tens digit of y(19)?
1
Let t = -370 - -685. What is the tens digit of t?
1
Let r(x) = -x**2 - 6*x + 4. Let v be r(-6). Let s = 151 + -91. Suppose 0 = 4*w - v*d - s, 0 = w - 4*w + d + 45. What is the units digit of w?
5
Suppose 2*h - 311 = -31. Let g be (h/(-12))/(2/6). Let x = -6 - g. What is the tens digit of x?
2
Let t = 24 + -22. Suppose -t*w - 3*s - 109 = -3*w, w - 77 = -5*s. Let z = -57 + w. What is the units digit of z?
0
Let z(n) = -837*n - 75. What is the thousands digit of z(-4)?
3
Let p be (-20)/(-3)*465/10. What is the tens digit of 4/(-6) + p/15?
2
Let n(w) = 8*w + 9*w + 3*w**2 - 4 - 7*w + 2*w. Let r(u) = -13*u**2 - 49*u + 17. Let d(s) = -9*n(s) - 2*r(s). What is the units digit of d(-10)?
2
Suppose g = 2 - 21. Let q = g - -30. Suppose 13*f - q*f = 60. What is the units digit of f?
0
Let s = 1223 - 759. What is the hundreds digit of s?
4
Let h(g) be the third derivative of -g**6/60 - g**5/30 - g**4/8 - 5*g**2. What is the units digit of h(-3)?
5
What is the hundreds digit of (-67632)/(-21) + 15 + 1326/(-91)?
2
Let d be (8/24)/((-1)/(-12)). Suppose 0 = 3*a - 3*h - 60, -a - d = -2*a + 5*h. What is the tens digit of a?
2
Suppose 3*q = 7*q + r + 4, 2*r = 2*q + 12. What is the tens digit of q/(-8) + 889/28?
3
Suppose v - 3*o = -0*o + 31, -5*o = -2*v + 64. Suppose -b + v = -0*b. Suppose 0 = -3*w + b + 23. What is the tens digit of w?
2
Suppose 918 = -8*a + 2*a. Let y = -87 - a. What is the units digit of y?
6
Let t be -1 - (6/(-3) + -1). Let a be (15/(-35))/((-3)/21). Suppose a*u = t*u + 16. What is the units digit of u?
6
Suppose 0 = 3*l + 1 + 2. Let t be l + 2*(-30)/(-4). Let u = 0 + t. What is the units digit of u?
4
Let j(s) be the third derivative of s**6/120 + s**5/12 - 3*